ivided by 88?
0
What is the remainder when 948 is divided by 82?
46
Calculate the remainder when 67966 is divided by 3.
1
Calculate the remainder when 215046 is divided by 107511.
24
What is the remainder when 6956 is divided by 44?
4
Calculate the remainder when 38945 is divided by 137.
37
What is the remainder when 4236 is divided by 733?
571
What is the remainder when 9437 is divided by 97?
28
What is the remainder when 143360 is divided by 9?
8
Calculate the remainder when 212462 is divided by 34.
30
What is the remainder when 2216 is divided by 1501?
715
What is the remainder when 15922 is divided by 7604?
714
What is the remainder when 1321 is divided by 234?
151
What is the remainder when 14971 is divided by 4990?
1
What is the remainder when 78751 is divided by 665?
281
Calculate the remainder when 12595642 is divided by 291.
289
Calculate the remainder when 34755 is divided by 5744.
291
What is the remainder when 7357 is divided by 46?
43
What is the remainder when 5809710 is divided by 21?
18
What is the remainder when 260 is divided by 127?
6
Calculate the remainder when 10107 is divided by 245.
62
Calculate the remainder when 164386 is divided by 84.
82
Calculate the remainder when 215242 is divided by 22.
16
What is the remainder when 7864 is divided by 561?
10
What is the remainder when 8372 is divided by 2789?
5
Calculate the remainder when 1355271 is divided by 389.
384
Calculate the remainder when 72175 is divided by 100.
75
Calculate the remainder when 192843 is divided by 34.
29
What is the remainder when 3916 is divided by 30?
16
What is the remainder when 2857 is divided by 82?
69
Calculate the remainder when 541 is divided by 91.
86
Calculate the remainder when 278032 is divided by 69507.
4
Calculate the remainder when 113103 is divided by 58.
3
What is the remainder when 54611 is divided by 148?
147
What is the remainder when 3388 is divided by 590?
438
What is the remainder when 544027 is divided by 335?
322
Calculate the remainder when 7168 is divided by 82.
34
What is the remainder when 97690 is divided by 23?
9
Calculate the remainder when 742666 is divided by 12.
10
Calculate the remainder when 2844 is divided by 2834.
10
Calculate the remainder when 26803 is divided by 348.
7
Calculate the remainder when 42664 is divided by 74.
40
Calculate the remainder when 554629 is divided by 277313.
3
What is the remainder when 1275585 is divided by 27?
24
Calculate the remainder when 775 is divided by 349.
77
Calculate the remainder when 38323 is divided by 67.
66
What is the remainder when 98344 is divided by 11?
4
Calculate the remainder when 935925 is divided by 619.
616
Calculate the remainder when 62758 is divided by 17.
11
Calculate the remainder when 47929 is divided by 23963.
3
Calculate the remainder when 1640 is divided by 234.
2
What is the remainder when 22927 is divided by 5730?
7
What is the remainder when 3108 is divided by 34?
14
What is the remainder when 26851 is divided by 8949?
4
Calculate the remainder when 1813 is divided by 535.
208
Calculate the remainder when 9341 is divided by 3036.
233
Calculate the remainder when 56111 is divided by 7.
6
What is the remainder when 3974 is divided by 97?
94
Calculate the remainder when 111544 is divided by 328.
24
What is the remainder when 21176 is divided by 327?
248
What is the remainder when 351954 is divided by 70387?
19
Calculate the remainder when 9305 is divided by 72.
17
What is the remainder when 18466 is divided by 76?
74
What is the remainder when 3912 is divided by 1955?
2
Calculate the remainder when 1951 is divided by 110.
81
Calculate the remainder when 70122 is divided by 7010.
22
Calculate the remainder when 1999290 is divided by 794.
792
What is the remainder when 26483 is divided by 27?
23
What is the remainder when 3838 is divided by 192?
190
Calculate the remainder when 5088 is divided by 132.
72
What is the remainder when 5425 is divided by 1798?
31
What is the remainder when 47320 is divided by 928?
920
Calculate the remainder when 258175 is divided by 53.
12
Calculate the remainder when 84019 is divided by 1424.
3
What is the remainder when 43738 is divided by 14544?
106
Calculate the remainder when 12439 is divided by 1553.
15
What is the remainder when 1778 is divided by 100?
78
What is the remainder when 2549 is divided by 285?
269
What is the remainder when 1677623 is divided by 125?
123
What is the remainder when 28400 is divided by 707?
120
What is the remainder when 40303 is divided by 88?
87
Calculate the remainder when 40085 is divided by 211.
206
Calculate the remainder when 3496 is divided by 163.
73
What is the remainder when 333060 is divided by 9?
6
Calculate the remainder when 2953 is divided by 51.
46
Calculate the remainder when 10552 is divided by 150.
52
Calculate the remainder when 207274 is divided by 10.
4
Calculate the remainder when 1919433 is divided by 173.
171
Calculate the remainder when 84663 is divided by 8.
7
Calculate the remainder when 3529 is divided by 701.
24
What is the remainder when 3734 is divided by 96?
86
What is the remainder when 22951 is divided by 30?
1
What is the remainder when 7476 is divided by 80?
36
What is the remainder when 1693400 is divided by 612?
608
Calculate the remainder when 14312 is divided by 901.
797
What is the remainder when 233179 is divided by 517?
12
Calculate the remainder when 29445 is divided by 502.
329
Calculate the remainder when 31408 is divided by 1256.
8
Calculate the remainder when 326972 is divided by 17209.
1
Calculate the remainder when 23050 is divided by 562.
8
Calculate the remainder when 8928 is divided by 203.
199
Calculate the remainder when 32272 is divided by 88.
64
What is the remainder when 19092 is divided by 285?
282
Calculate the remainder when 995 is divided by 185.
70
What is the remainder when 391 is divided by 58?
43
What is the remainder when 17433 is divided by 90?
63
Calculate the remainder when 1814 is divided by 578.
80
What is the remainder when 77706 is divided by 77657?
49
Calculate the remainder when 9458 is divided by 1888.
18
Calculate the remainder when 31087 is divided by 777.
7
Calculate the remainder when 813418 is divided by 15.
13
Calculate the remainder when 59817 is divided by 19930.
27
Calculate the remainder when 415277 is divided by 24.
5
What is the remainder when 129 is divided by 24?
9
What is the remainder when 22924 is divided by 147?
139
Calculate the remainder when 327441 is divided by 10914.
21
What is the remainder when 3784 is divided by 58?
14
Calculate the remainder when 10785 is divided by 50.
35
Calculate the remainder when 1902433 is divided by 54355.
8
Calculate the remainder when 923 is divided by 781.
142
Calculate the remainder when 11956 is divided by 536.
164
What is the remainder when 5620 is divided by 49?
34
What is the remainder when 52418 is divided by 1807?
15
What is the remainder when 5400 is divided by 51?
45
What is the remainder when 169720 is divided by 113?
107
Calculate the remainder when 275293 is divided by 29.
25
Calculate the remainder when 19999 is divided by 113.
111
What is the remainder when 17105 is divided by 4244?
129
What is the remainder when 6940 is divided by 780?
700
Calculate the remainder when 13324 is divided by 380.
24
What is the remainder when 1901109 is divided by 85?
84
Calculate the remainder when 973 is divided by 111.
85
Calculate the remainder when 31808 is divided by 15895.
18
What is the remainder when 98841 is divided by 146?
145
Calculate the remainder when 596 is divided by 27.
2
Calculate the remainder when 18341 is divided by 821.
279
Calculate the remainder when 15579 is divided by 943.
491
Calculate the remainder when 59674 is divided by 16.
10
What is the remainder when 4411221 is divided by 788?
785
What is the remainder when 878 is divided by 259?
101
What is the remainder when 3465 is divided by 34?
31
Calculate the remainder when 6754 is divided by 617.
584
Calculate the remainder when 357 is divided by 155.
47
Calculate the remainder when 25597 is divided by 371.
369
Calculate the remainder when 1216263 is divided by 2.
1
Calculate the remainder when 2121 is divided by 693.
42
Calculate the remainder when 293562 is divided by 5991.
3
What i